51
Let p(k) = 19*k**3 - 6*k**2 - 6*k + 11. Give p(2).
127
Let f(m) = -19*m + 1208. Calculate f(64).
-8
Let v(s) = -37*s**2 + 1849*s + 54. What is v(50)?
4
Let q(u) = 6*u**2 - 39*u - 31. Calculate q(6).
-49
Let z(l) = 531*l + 28671. Give z(-54).
-3
Let k(o) = 4*o**3 + 69*o + 139. Calculate k(-2).
-31
Let x(d) = d**3 - 90*d**2 + 100*d - 777. What is x(89)?
202
Let l(m) = -11*m**3 - 3*m**2 - 16*m + 18. What is l(1)?
-12
Let y(h) = 8*h**2 - 74*h + 163. Calculate y(3).
13
Let p(b) = -9*b + 860. What is p(91)?
41
Let u(p) = -25*p + 956. Determine u(38).
6
Let c(j) = 6*j**2 - 27*j + 36. Determine c(2).
6
Let l(d) = -d**3 + 9*d**2 + 22*d - 136. Determine l(10).
-16
Let w(a) = -3*a**3 - 222*a**2 + 220*a - 87. Determine w(-75).
288
Let c(i) = 124*i + 10241. Give c(-83).
-51
Let w(d) = -2*d**3 - 72*d**2 - 137*d - 28. Calculate w(-34).
6
Let u(h) = h**2 + 65*h + 1048. Give u(-36).
4
Let f(c) = -c**2 - 22*c - 45. Calculate f(-25).
-120
Let s(k) = k**2 + 87*k - 2945. What is s(26)?
-7
Let d(i) = i**3 - 20*i**2 - 94*i - 33. What is d(24)?
15
Let x(d) = -93*d + 884. Determine x(10).
-46
Let t(j) = 9863*j + 19739. Calculate t(-2).
13
Let g(q) = 27*q**2 - 220*q + 28. Give g(8).
-4
Let z(h) = -2*h**2 - 109*h - 1399. What is z(-33)?
20
Let r(t) = -t**3 + 17*t**2 + 292*t - 4972. Determine r(17).
-8
Let r(y) = -12*y - 110. Give r(6).
-182
Let k(v) = -68*v - 76. Give k(-3).
128
Let k(d) = -19*d**2 + 2*d + 1. What is k(-2)?
-79
Let u(r) = -2*r**2 - 41*r - 24. Determine u(-17).
95
Let o(m) = m**3 + m**2 + 4*m - 18. Calculate o(5).
152
Let q(j) = 2*j**3 + 19*j**2 + 14*j + 97. What is q(-9)?
52
Let b(l) = -61*l + 5839. Determine b(96).
-17
Let c(f) = f**3 + 32*f**2 + 89*f + 111. Give c(-29).
53
Let m(u) = u**2 + 834*u + 11506. Determine m(-14).
26
Let o(l) = -l**2 + 20*l - 155. Give o(7).
-64
Let l(u) = -u**3 - 14*u**2 - 20*u + 43. Give l(-12).
-5
Let v(o) = -5821*o - 23287. Calculate v(-4).
-3
Let q(t) = 3*t**2 + 122*t + 683. Give q(-34).
3
Let t(g) = 38*g - 803. Give t(21).
-5
Let x(r) = 302*r**2 - 1215*r + 22. Give x(4).
-6
Let r(q) = -5*q**3 - 142*q**2 - 110*q - 1516. Calculate r(-28).
-4
Let u(s) = -982*s - 32407. Calculate u(-33).
-1
Let q(o) = 247*o + 326. Calculate q(-3).
-415
Let g(m) = -4*m**3 + 84*m**2 + 90*m - 38. Give g(22).
6
Let y(v) = 32*v**2 + 93*v + 2. What is y(-3)?
11
Let j(r) = r**3 - 3*r**2 + 11*r - 17. What is j(-6)?
-407
Let j(f) = 26*f**3 - 886*f**2 + 70*f - 74. Give j(34).
-6
Let i(h) = -510*h - 5603. Give i(-11).
7
Let u(j) = 2*j**3 + 45*j**2 + 21*j - 58. Give u(-22).
-36
Let t(n) = -n**2 + 20*n + 184. Give t(-11).
-157
Let t(o) = o**3 - 8*o**2 + 5*o - 134. Give t(9).
-8
Let q(n) = 219*n - 49293. Calculate q(225).
-18
Let k(w) = -14*w**3 - 3*w**2 + 5*w - 1. Determine k(1).
-13
Let r(d) = -d**3 - 97*d**2 + 181*d - 1686. Determine r(-99).
-3
Let f(z) = z**3 - 3*z**2 - 9*z - 62. What is f(6)?
-8
Let g(h) = 14*h**2 - 95*h + 1. Give g(4).
-155
Let g(m) = 74*m**2 + 208*m - 8. Calculate g(-3).
34
Let l(z) = 59*z + 2460. What is l(-42)?
-18
Let z(x) = x**2 + 20*x - 622. Give z(-36).
-46
Let w(f) = 2*f**3 - 12*f**2 - 81*f + 18. Determine w(10).
8
Let y(q) = 2*q**3 + 28*q**2 + 21*q - 36. Determine y(-13).
29
Let p(w) = w**2 + 12*w + 39. Calculate p(-13).
52
Let w(x) = -2*x + 366. Give w(181).
4
Let z(d) = -5*d**2 - 59*d + 239. Give z(4).
-77
Let i(n) = 126*n - 30. Calculate i(-6).
-786
Let z(p) = 4*p**3 + 67*p**2 - 26*p - 159. Calculate z(-17).
-6
Let t(f) = -f**3 - 140*f**2 - 120*f + 2450. What is t(-139)?
-191
Let i(o) = 613*o + 1825. Give i(-3).
-14
Let n(u) = 8*u**2 - 126*u + 50. What is n(16)?
82
Let b(v) = 32*v**2 - 6146*v + 386. Give b(192).
2
Let w(x) = -x**3 - 1116*x**2 + 6740*x + 2. What is w(6)?
50
Let h(w) = -86*w - 426. What is h(-5)?
4
Let b(t) = t**3 - 17*t**2 - 9*t - 324. Calculate b(18).
-162
Let k(n) = -266*n + 1593. Determine k(6).
-3
Let g(z) = z**2 + 36*z - 31. Calculate g(-38).
45
Let m(k) = 69*k - 772. Give m(11).
-13
Let k(r) = 10*r**2 + 4*r + 1. Give k(-5).
231
Let o(r) = 1358*r - 43467. Give o(32).
-11
Let a(u) = -u**2 + 529*u - 22653. Give a(47).
1
Let l(j) = -44*j + 44. Calculate l(-3).
176
Let a(q) = -q**2 + 16*q + 144. Give a(22).
12
Let t(o) = o**3 - 6*o**2 + o - 39. What is t(7)?
17
Let m(z) = 2*z**3 - 8*z**2 - 15*z + 11. Calculate m(7).
200
Let l(m) = m**3 - 9*m**2 + m + 76. What is l(6)?
-26
Let o(z) = 63*z + 953. Determine o(-15).
8
Let p(y) = 207*y + 8066. What is p(-39)?
-7
Let a(x) = -x**2 - 8*x + 12. What is a(15)?
-333
Let a(v) = -19*v - 1800. Give a(-89).
-109
Let q(h) = -2*h**2 - 60*h + 354. Determine q(6).
-78
Let t(i) = -i**2 + 30*i + 94. Calculate t(32).
30
Let n(p) = -2*p**3 - 12*p**2 - p + 7. Calculate n(-5).
-38
Let v(b) = b**2 - 15*b + 28. Give v(3).
-8
Let u(l) = 5*l**2 - 20*l + 11. Determine u(3).
-4
Let z(m) = 75*m**3 + 2*m**2 - 15*m - 5. Calculate z(-2).
-567
Let n(t) = 12*t + 241. Calculate n(-17).
37
Let g(k) = 9*k**2 + 120*k + 224. What is g(-11)?
-7
Let y(z) = 6673*z - 6691. Give y(1).
-18
Let f(v) = -v**3 - 19*v**2 + 4*v + 61. Determine f(-19).
-15
Let w(b) = -12*b - 332. Calculate w(-21).
-80
Let o(h) = 104*h - 616. Give o(11).
528
Let f(l) = -3*l**2 - 5*l + 720. What is f(-16)?
32
Let c(d) = d**2 - 20*d + 383. Calculate c(23).
452
Let s(q) = 63*q + 485. Give s(-11).
-208
Let s(h) = -h**3 - 65*h**2 + 5106*h + 2. Determine s(-111).
2
Let j(h) = 2*h**3 + 2*h**2 - 9*h - 6. Determine j(0).
-6
Let b(m) = -m**3 - 49*m**2 - 49*m + 15. Calculate b(-48).
63
Let x(f) = 521*f - 1060. Determine x(2).
-18
Let u(a) = -a**3 - 28*a**2 + 60*a + 24. Calculate u(-30).
24
Let q(n) = n**3 - 36*n**2 - 26*n - 382. Determine q(37).
25
Let u(l) = -l**3 - 55*l**2 + 13*l + 281. Calculate u(-55).
-434
Let l(j) = -101*j - 1502. Determine l(-23).
821
Let c(y) = 2*y**3 + 234*y**2 + 227*y - 582. Determine c(-116).
-2
Let s(r) = 2*r**3 + 29*r**2 + 149*r + 1430. Give s(-13).
0
Let l(j) = -71*j - 802. What is l(-11)?
-21
Let p(v) = -2*v**3 + 11*v**2 + 4*v - 8. Calculate p(6).
-20
Let g(r) = -26*r**2 - 2. Give g(-3).
-236
Let y(v) = -2*v**2 - 543*v - 2681. Give y(-5).
-16
Let j(u) = -2202*u + 50643. Calculate j(23).
-3
Let w(s) = 26*s**2 - 262*s - 252. Determine w(11).
12
Let m(u) = -2*u**3 + 8*u - 7. Give m(4).
-103
Let i(q) = q**2 - 72*q + 199. What is i(3)?
-8
Let a(q) = -15*q + 36. What is a(6)?
-54
Let o(l) = -l**2 - 4*l + 126. Calculate o(-14).
-14
Let x(n) = 5*n + 41. Calculate x(8).
81
Let j(q) = -q**3 - q**2 - 133*q - 255. Give j(-2).
15
Let k(u) = 2*u**3 - 24*u**2 + 43*u - 232. Give k(11).
-1
Let h(v) = v**2 + 17. Give h(-7).
66
Let m(p) = 3*p + 73. Determine m(-11).
40
Let m(a) = -7*a**3 - 13*a**2 + 15*a + 6. Give m(-4).
186
Let d(c) = -13994*c - 6. Give d(0).
-6
Let a(f) = 5*f - 109. Give a(-4).
-129
Let z(l) = l**3 + 45*l**2 + 44*l + 36. Calculate z(-44).
36
Let z(q) = 986*q - 22630. What is z(23)?
48
Let c(j) = 19*j**3 + 76*j**2 + 9*j + 3. What is c(-4)?
-33
Let s(u) = -3*u**2 - 53*u + 2257. Determine s(20).
-3
Let o(g) = -19*g**2 - 288*g - 43. What is o(-15)?
2
Let g(p) = -9*p**2 - 737*p + 2197. Calculate g(3).
-95
Let q(a) = 809*a - 4880. What is q(6)?
-26
Let m(r) = -27*r**2 - 303*r - 54. Give m(-11).
12
Let x(d) = 192*d - 228. Calculate x(0).
-228
Let x(o) = -7*o + 12. Give x(2).
-2
Let b(y) = -y**3 - 261*y**2 + 257*y - 1348. Determine b(-262).
-38
Let v(d) = d**2 - 68*d - 1045. What is v(-13)?
8
Let z(r) = -38*r - 2493. Calculate z(-65).
-23
Let z(i) = 107*i - 1446. Calculate z(11).
-269
Let w(d) = 5*d**2 - 13*d + 2. Calculate w(3).
8
Let q(k) = -k**2 + 6*k - 21. Determine q(14).
-133
Let z(l) = -2966*l - 38562. Calculate z(-13).
-4
Let f(g) = -4*g**3 + 357*g**2 - 81*g - 712. Calculate f(89).
0
Let i(y) = 52*y**2 - 500*y + 278. Calculate i(9).
-10
Let p(z) = -10*z**3 + 3*z**2 + 32*z - 68. What is p(2)?
-72
Let x(z) = -23*z - 496. What is x(-21)?
-13
Let n(o) = o**2 - 32*o + 79. What is n(34)?
147
Let m(q) = -q**3 + 23*q**2 - 2*q - 20. What is m(23)?
-66
Let m(a) = a**3 - 64*a**2 + 112*a + 732. Determine m(62).
-12
Let z(j) = j**3 - 13*j**2 - 128*j + 272. Give z(19).
6
Let h(j) = -512*j + 32759. What is h(64)?
-9
Let h(o) = -2*o**2 - 270*o - 1847. Determine h(-7).
-55
Let d(t) = -176*t - 5638. What is d(-32)?
-6
Let g(o) = 443*o + 51. Determine g(-1).
-392
Let g(u) = u + 119. Give g(-30).
89
Let l(k) = k**3 